What is the value of 6 - (1 - (-6 - -1))?
0
Evaluate (1 - (1 + 0)) + -6 + 2.
-4
Calculate 9 - (12 + -2 + 2).
-3
Calculate 3 + 3 - (2 + -7 - -4).
7
Calculate -5 - (0 + -8 - (2 + -8)).
-3
What is -4 + -2 + -2 + 2 + 0?
-6
What is the value of 0 + 0 - (-3 - -3 - -3)?
-3
What is the value of -1 - 6 - (-4 - -3 - 1)?
-5
Evaluate (-5 - -1) + (-7 - (-21 + 20)).
-10
What is the value of 5 + -8 - (-2 + 0)?
-1
Calculate 9 - 6 - 2 - (0 + -6).
7
Calculate 7 - (-2 + 1 + (-2 - -11)).
-1
What is 2 + (2 - (5 - -1))?
-2
5 + (-4 - 5) + 0
-4
1 - (-1 + 5 + (2 - 7))
2
Evaluate (0 + -4 - -1) + -1.
-4
What is the value of (-3 - -3 - 9) + 5?
-4
Evaluate 4 + -3 + -3 + 2 + -6.
-6
Calculate 12 + (-8 + -6 - -7).
5
Evaluate -2 + -2 + (-7 - 1 - -10).
-2
What is 3 - (-6 + 3 - -7)?
-1
What is -17 + 23 + (-1 - -4) + -6?
3
What is the value of -16 - -19 - (4 - 1)?
0
What is -24 - -17 - (2 + -15) - 3?
3
4 + 8 - 8 - 9
-5
What is the value of -2 - -7 - (10 - 1)?
-4
What is the value of -3 + 1 + 10 + -6?
2
What is the value of (7 - 2 - -1) + -11?
-5
Evaluate 1 - 2 - 5 - (-3 - -2).
-5
What is the value of (18 - 2 - 11) + (0 - 10)?
-5
Evaluate -3 - -5 - (-2 - 1).
5
What is the value of 1 + (2 + -2 - 5) + 1?
-3
What is -3 + 9 + -19 + 6?
-7
What is (-7 - 8 - -5) + 4?
-6
Evaluate 2 + (-4 - (-8 + 1)).
5
What is -2 - -6 - (5 + 0)?
-1
Evaluate (-29 - -26) + (4 - 0 - 2).
-1
What is the value of 4 + -3 + 0 - 0?
1
(0 - (6 - (-6 + 12))) + -1
-1
Calculate -1 + 3 + -4 - -5 - 8.
-5
What is the value of 5 - (2 + 7 + -1 + -10)?
7
Evaluate (-8 - 3 - -4) + 2.
-5
0 - 2 - (11 - 9)
-4
What is 77 - 75 - (4 + 0)?
-2
Calculate 5 + (-4 - (-2 - 1)).
4
What is the value of 3 + (-3 - (-2 - 1)) + 1?
4
Evaluate -4 + (-11 - -2) + 8.
-5
What is 2 + 4 - (-5 + 7 + 5)?
-1
Calculate 4 + (2 - 1) + -2 + 2.
5
Calculate -39 - -48 - (-2 - -16).
-5
6 + -2 + 0 - 0
4
What is -1 - (2 - 2 - 3)?
2
Evaluate -1 + (1 - (-6 + 3)) + -3.
0
What is (-2 - -15) + -3 - (-1 + 6)?
5
What is the value of 4 - (9 - (6 + -3))?
-2
Calculate 1 - -2 - (8 + -6).
1
-1 + 6 + -2 - (-3 + 5)
1
Calculate (-11 - -8 - -5) + -7.
-5
What is -5 - ((2 - 0) + (0 - 7))?
0
Evaluate -42 - -38 - (-2 - 0).
-2
Calculate -3 + (3 - 2) + 2 - 0.
0
Evaluate (17 - 25) + 9 + 5.
6
-1 + 5 + -2 - 2
0
Calculate 61 + -56 + 0 + -2.
3
What is the value of -5 + (3 + 0 + -5 - -3)?
-4
What is the value of 6 + (-1 + -6 - (6 + -13))?
6
Calculate 7 + (13 - (11 - -15)).
-6
What is (-9 - -8) + (-5 - -4) + -1?
-3
What is the value of 2 - 1 - 4 - -2?
-1
What is the value of -2 + (3 - -1 - -2) + -3?
1
(-2 - 4) + (2 - 0 - -10)
6
What is -1 + (2 - -1) + 5 + -2?
5
Evaluate (0 - (-2 + -1 + 2)) + 2.
3
What is 3 + -10 - (-11 - -7)?
-3
Calculate -3 + 9 + (0 - 2) + -1.
3
What is the value of -6 + -3 + 3 - 0?
-6
What is 1 + (3 - 3) + (3 - 2)?
2
What is (-1 - -4) + -7 + (-2 - -10)?
4
Evaluate 3 - (0 + -1 + 2 + 1).
1
Calculate 0 + 14 - (103 + -97).
8
What is the value of -2 + -4 + (-2 + 1 - -6)?
-1
What is the value of 0 - 1 - (16 + -13)?
-4
What is the value of 12 + (15 + -11 - (12 - 2))?
6
Evaluate 9 + -1 + 0 + (-8 - -5).
5
Evaluate -3 - (-2 + (4 - 15)).
10
Evaluate ((1 - 0) + -3 - -2) + 1.
1
What is -4 - -11 - (0 + (10 - 4))?
1
What is -1 + (-2 + (2 - 1) - 2)?
-4
Evaluate 8 + 1 - (-1 + 6 + -4).
8
Evaluate -1 + 4 - (0 + 0 - -8).
-5
What is the value of 0 + 4 + (8 - 20) - -3?
-5
Evaluate (0 - (-1 - 0) - -2) + -8.
-5
-8 - -6 - (-7 + 2)
3
Calculate (-6 - -19) + (-10 - 8).
-5
What is 2 + -6 + 8 + (-5 - -1)?
0
(-1 - 1) + -20 + 24
2
What is 0 - (-7 - (3 + 2 + -10))?
2
What is the value of -20 + -6 + 17 - -13?
4
Calculate (-2 - 8) + 8 - (-4 - 1).
3
Calculate -10 - (-6 - 1) - -5.
2
-2 + ((7 - 2) + 0 - -1)
4
What is the value of -1 - 2 - (-12 + 0) - 4?
5
What is the value of 3 - (0 + (-3 - -6))?
0
Calculate 3 - (0 - (1 + (-9 - -4))).
-1
What is -5 + (-9 - -18 - 13)?
-9
Calculate 9 + -2 + 9 + -13.
3
Calculate (2 - -2) + -6 + 7.
5
Calculate 2 + -1 - (7 + -14 + 3).
5
What is 0 + (-8 - -5) + 4?
1
7 + (37 + -40 - (9 + -1))
-4
Evaluate -2 - -3 - ((1 - 4) + 2).
2
-11 + 11 + -10 + 16
6
What is -5 + (1 - -13) + -12 + 7?
4
Calculate (-2 - (3 - -7)) + 2.
-10
Evaluate -6 + 3 + (2 - (-4 - 0)).
3
1 - (-4 - -4) - 6
-5
(0 + 1 - 2) + 4
3
Evaluate -1 + 2 - (-2 - -6).
-3
What is the value of (-4 + 1 - (-7 + 3)) + 0?
1
-14 + 1 + 8 - -3
-2
What is (0 + -3 - 5) + (-1 - -5)?
-4
What is (3 - 3) + 7 + -11?
-4
What is the value of 0 + (4 + 3 - 8)?
-1
Evaluate -3 + (4 + -10 - -8).
-1
Evaluate -2 - (-4 + 1 + -37 + 45).
-7
4 + 8 + -5 + -4
3
0 + (9 - (11 - 6))
4
What is -9 + (0 - (8 - 11))?
-6
-2 + (4 - (5 + 1)) + 1
-3
What is 46 + -45 + (0 - (0 + -1))?
2
-1 - 1 - (2 - 2)
-2
What is the value of (0 + 6 + -14 - -6) + 3?
1
Calculate 10 + 0 - (-126 + 133).
3
What is the value of -1 + -8 - (4 - 9 - -1)?
-5
What is the value of 7 + -24 + 0 + 8?
-9
What is the value of 2 - -2 - (4 + 5)?
-5
What is the value of 46 + -57 + 18 + -3?
4
What is the value of (4 - 0) + -1 - (130 + -133)?
6
Calculate 10 - (-6 - -13) - -2.
5
6 - (6 + -8 - -6)
2
What is 5 + 1 + -24 + 22?
4
Calculate 2 - (8 + (5 - 13)).
2
What is the value of 0 - 2 - (-1 + -2 - -3)?
-2
Calculate (-141 - -139) + (1 - (-1 - -2)).
-2
What is (4 - (-2 - 1)) + -9?
-2
Evaluate -1 - (-3 - 1) - (-224 - -219).
8
What is the value of (2 - (2 - 5)) + -5?
0
What is 30 + -24 + -5 + -2 + 2?
1
Calculate 7 - ((-2 - -1) + 5 + -1).
4
Calculate (-2 - (3 - (-2 - -3))) + 4.
0
What is the value of (-13 - -8) + 3 - -1?
-1
Evaluate 1 + 1 + 6 + (-1 - 4).
3
Evaluate (-7 - -2 - (-2 + -1)) + 2.
0
What is the value of -3 + -2 + 3 + -1 + 7?
4
What is -11 - (0 - (2 - -4) - -1)?
-6
What is 3 - ((-2 - -6) + 3)?
-4
What is (-10 - (-18 + 14)) + (0 - -3)?
-3
What is (0 - -2) + (1 - (0 - -8))?
-5
Evaluate 129 - 122 - (1 - -1).
5
What is the value of 8 - (-1 - 1) - 8?
2
Calculate (2 - 1) + (18 - 22).
-3
Evaluate -13 - (4 - 10) - 0.
-7
Evaluate (5 - 14 - -2) + 10 + -6.
-3
Calculate 6 + 9 + -9 + -3.
3
Calculate -2 - (-1 - -6 - (8 + 0)).
1
Evaluate -12 + (4 - 6) + 12.
-2
What is (-6 - -3) + (-5 - -4)?
-4
1 + 1 + -8 + 7 - -1
2
Evaluate 3 + (6 + -8 - 3).
-2
What is the value of 0 + 9 + -12 + -6?
-9
-1 + 2 + -9 + 8 - 1
-1
Calculate -8 + -5 + 12 + -5.
-6
0 + -5 + 1 - (-3 - 0)
-1
-3 + 1 + (3 + -2 - -3)
2
What is 2 + 0 + -6 + 4?
0
1 - 7 - (19 - 22)
-3
Calculate (0 - (-4 + 0)) + -1 + -2.
1
-1 - (-2 - -2) - 3
-4
Calculate -2 + 0 - (-8 + 0 + 5).
1
Evaluate -16 + 26 - (0 + 5).
5
(15 + -6 + -2 - 15) + 12
4
What is 2 + -3 + (4 - -1)?
4
1 - ((1 - 1) + 0 + -3)
4
What is the value of (-16 - (-9 + -4)) + 9?
6
2 + 0 - (-6 - -4)
4
Evaluate 6 - (4 - (-8 + 4)).
-2
What is the value of (-2 - -8) + -8 - 1?
-3
3 - -13 - 8 - 8
0
Evaluate 2 + 1 - (6 - 8) - 0.
5
Calculate 4 + (1 - 1) + -1 + 3.
6
Calculate -9 - (-6 + 1 + 1).
-5
Evaluate (11 - 6) + -4 - -2.
3
Calculate 11 - ((-3 - -8) + 3).
3
Evaluate 0 + -1 - (-13 - -14).
-2
What is 0 + -2 + -1 + 8?
5
(-6 + 0 - -1) + 8
3
Evaluate -4 - (-4 + (-2 - -1)).
1
What is (-29 - -28) + 2 + 2 + -1?
2
Calculate 5 + (2 - (-1 + 4)) + 0.
4
Calculate (-14 - -12) + -1 + (4 - -1).
2
What is (0 - 3) + (10 - (2 + 2))?
3
(-2 - -2 - (2 + -7)) + -4
1
What is the value of -22 - (-18 - (-7 - -2))?
-9
Evaluate -9 + (7 - 3) + -5 + 5.
-5
What is (1 - 6) + (8 - (19 + -11))?
-5
What is -6 - (-8 + (7 - (-3 + 3)))?
-5
Evaluate -1 + 1 + 1 + 3.
4
What is 7 + 3 + (-11 + 2 - -6)?
7
-2 - (-11 + (31 - 13))
-9
Evaluate (3 + 2 - 2) + (19 - 26).
-4
What is 0 + 6 - (-8 - -10) - -1?
5
Calculate 8 + -7 + 2 + -4.
-1
What is 3 - (4 + -4 - -7)?
-4
What is (-3 - ((-3 - 0) + 0)) + 2?
2
2 + (-1 - (8 - 7))
0
7 + -6 - (-2 + -2)
5
(6 - 5) + (2 - -1)
4
Evaluate -4 - (-3 - (11 + -7)).
3
Calculate -1 + (-3 - (2 - (0 - -4))).
-2
What is 4 - (0 + 2 + (1 - 6))?
7
Calculate 1 + -3 + 1 + 0.
-1
What is the value of (-3 - -1 - -2) + -158 + 165?
7
Calculate (9 - -5) + -10 - -3.
7
13 - 10 - ((-6 - -2) + 3)
4
Calculate -6 - (-15 - (1 + -8)).
2
-4 - 0 - (3 + -3)
-4
What is -2 - (5 + -9) - 4?
-2
What is the value of -3 + -3 + -2 + 5?
-3
What is 3 + -1 - (7 + -5)?
0
What is (2 + 1 - (-2 + 5)) + 2?
2
Evaluate 2 + -13 + 19 - -2.
10
Calculate -10 - (1 + 3 + -8).
-6
What is the value of 5 + -5 + -1 + 0?
-1
Evaluate 1 - 2 - (1 + -7 + -1).
6
What is 2 + (7 + -10 - -2)?
1
Calculate -2 - (0 + (3 - 3)).
-2
What is 0 + 4 + (8 - 25) + 8?
-5
-3 + 4 + -4 - (1 - 0)
-4
Evaluate 8 + -